?
27
Let q(l) = 2*l**2 - 3*l. Let v be q(2). Let c = 116 + -116. Suppose c = v*u + 2*o - 192, 182 + 197 = 4*u + 5*o. Calculate the remainder when u is divided by 52.
49
Let i(m) = -68*m**3 + 38*m**2 - 14*m - 21. Calculate the remainder when i(-3) is divided by 58.
53
Let l(n) = 11*n**2 + 112*n + 10. Let w be l(-10). What is the remainder when (-1861)/w - 18/180 is divided by 7?
4
Let s = 152 - 148. What is the remainder when s + (-12)/(1 + -2) is divided by (-5 - -3)/(4/(-18))?
7
What is the remainder when 6 - (-5097)/12 - 75/(-60) is divided by 22?
14
Calculate the remainder when ((-31)/186 - (-190)/24)/(1/268) is divided by 21.
19
What is the remainder when 487 is divided by 10/(-65) + 1/1 + 4060/26?
16
Let g be ((-105)/30)/((-14)/16). Calculate the remainder when 35 is divided by 6 - (-28 - (-4 - g)).
9
Let z be 7 + -1*(-6)/(-3). Suppose -66 = -z*w + 3*w. Suppose 0 = 6*o - 3*o + 4*c + 2, 3*o - 3*c - w = 0. Calculate the remainder when 33 is divided by o.
3
Let b(n) = -41*n**3 + 4*n**2 + 10*n + 5. Let h be b(-1). Suppose -8*r - 2*q + h = -4*r, 52 = 5*r + 2*q. Calculate the remainder when 44 is divided by r.
8
Let a(r) = -r**3 - 20*r**2 - 36*r. Let x be a(-18). Suppose 13*s - 16*s + 18 = x. Calculate the remainder when 1/((-15)/s) - 682/(-5) is divided by 23.
21
Let l = 37471 + -32738. Calculate the remainder when l is divided by 8.
5
Let z(b) = 2*b - 6. Suppose 2*a - 7 = -n + 82, -a = 4*n - 27. Let w = 54 - a. Calculate the remainder when 39 is divided by z(w).
7
Let b = 21602 - 19825. Calculate the remainder when b is divided by 26.
9
Suppose 15*s = 21*s - 1524. Suppose 4*g + s - 826 = 0. What is the remainder when g is divided by 29?
27
Let f = -4134 + 4259. What is the remainder when 167 is divided by f?
42
Suppose 5*o - 5*z - 12350 = 0, 2*o + 2*z = -554 + 5482. What is the remainder when o is divided by 5?
2
Calculate the remainder when 284 is divided by ((-507)/(-338))/((-3)/(-4)).
0
Let y = 515 + -132. Suppose y = 3*z - 2*t, -3*z + 424 = 2*t + 57. Calculate the remainder when 380 is divided by z.
5
Let y be 3 - (11/11)/((-1)/(-5)). Let f be 5 + 6*1/y. Suppose f*k + 3*k + 143 = 4*w, -5*w + 3*k = -195. Calculate the remainder when w is divided by 9.
6
Let w(c) = 476*c - 7198. What is the remainder when w(17) is divided by 440?
14
Calculate the remainder when 678*(15/90 + (-8)/(-6)) is divided by 92.
5
Let z(k) = 4*k - 7. Let i = 382 + -209. Let x = i + -165. Calculate the remainder when z(7) is divided by x.
5
Let s = 66 + -56. Let v(n) = n**3 - 9*n**2 - 10*n + 14. Suppose -h + w = -35, 4*w = -0*h - 2*h + 88. Calculate the remainder when h is divided by v(s).
10
Suppose 16*t = -11*t + 11637. What is the remainder when t is divided by 14?
11
Let g = -2748 - -2833. What is the remainder when 1612 is divided by g?
82
Let s = 30 - 32. Calculate the remainder when (3 + -283 - 4)/(s - 0) is divided by 16.
14
Let s(k) be the third derivative of k**5/15 + 5*k**4/24 + 3*k**3/2 + 47*k**2. Suppose 10*n - 4*n + 24 = 0. What is the remainder when s(n) is divided by 20?
13
Let w(y) = y + 30. Let h be w(-33). Suppose -2*n + 50 = -4*l, 0 = -0*l + 3*l + 5*n + 57. Let k = h - l. What is the remainder when 41 is divided by k?
8
Suppose -i = -3*s - 5, -4 = s - i + 1. Suppose q + s*q = 0. Suppose q*m - 676 = -4*m. Calculate the remainder when m is divided by 19.
17
Let k be 24/20*(-135)/18. Let u(f) = -f**2 - 13*f - 2. Calculate the remainder when u(k) is divided by 11.
1
Suppose 49 - 5 = -2*s. Let v = 36 + s. Calculate the remainder when 153 is divided by v.
13
What is the remainder when (20/50)/((-1)/(-255)) is divided by ((-132)/44)/(3/(-26))?
24
Suppose -23*l + 21*l - 566 = -5*j, j + 2*l - 106 = 0. What is the remainder when j is divided by 38?
36
Let m = 27 + -20. Suppose -z = 4*l - 14, m*z = 3*z - 4*l + 20. Suppose -4*u + p = -94, 4*p - 56 = -z*u - 0*p. Calculate the remainder when 71 is divided by u.
23
Let n = 2200 - 2154. Suppose 6*z = 2*z - 140. Let p = n + z. What is the remainder when 29 is divided by p?
7
Suppose -5*n = 1873 - 503. Let r = n + 289. Calculate the remainder when 268 is divided by r.
13
Let s(f) = 3*f - 28. Let b be s(12). Suppose 283 = 4*y - d, -6*y - 147 = -b*y - 5*d. Let l(t) = 4*t + 1. What is the remainder when y is divided by l(2)?
8
Let u be 3/(-5) - 3566/(-10). Let n(m) = -m**2 - 4. Let p be n(0). Calculate the remainder when p/12 + u/6 is divided by 20.
19
Suppose q + 4*x + 44 = 2*q, 2*q - 67 = x. Suppose 2*g - 1 - 3 = 0. Suppose -4*v + q = -l, -2 = g*v - l - 4*l. Calculate the remainder when v is divided by 3.
0
Calculate the remainder when (((-4)/3)/((-16)/18))/(4/2448) is divided by 437.
44
Suppose -336 = -2*q - 2*q. Let k(r) = -9*r + 3. Let h be k(0). Suppose -h*c - 2*c = -w + 29, 2*w - 58 = 5*c. Calculate the remainder when q is divided by w.
26
Let k be 0*(-5)/15*-3. Suppose k = 6*l + 8 - 38. Suppose 15 = z - 6. What is the remainder when z is divided by l?
1
Suppose -2 = 2*w + 2, 3*w + 30 = 2*u. Let o(l) = l**2 + 4*l + 5. Let c(f) = -2*f**2 - 4*f - 6. Let p be c(-2). What is the remainder when o(p) is divided by u?
5
Let l = -15908 + 15983. What is the remainder when 698 is divided by l?
23
Let o = 56 + -54. Suppose i + 0*i - 4 = 0, 3*b = o*i + 4. Suppose -120 = -b*r + 204. Calculate the remainder when r is divided by 41.
40
Let o = -5676 + 6009. Calculate the remainder when o is divided by 155.
23
Suppose -2*m - 4*r + 414 = 0, -4*m + 4*r - 2*r + 778 = 0. Suppose 188 = 5*y - m. Calculate the remainder when y is divided by 24.
5
Let k(l) = -99*l + 5146. What is the remainder when k(48) is divided by 188?
18
Calculate the remainder when 24/150*-20*-105 is divided by 77.
28
Suppose 0 = -5*f + 3*s + 1675, 0 = -14*f - 4*s + 6474 - 1784. What is the remainder when f is divided by 3?
2
Let h = 32416 + -32347. Calculate the remainder when 14695 is divided by h.
67
Let k be 4/(-1) + 11/11. Let x be k + 10 - (6 + -6). Let o = 60 - x. Calculate the remainder when o is divided by 19.
15
Suppose -4*r - 899 = 4*g - 15815, -7 = -r. Calculate the remainder when g is divided by 76.
74
Suppose -3*l - 42 = -4*l - 2*p, 2*p - 90 = -2*l. Suppose -4*g - 5 = -u, -5*u + 82 = -0*u - g. What is the remainder when (122/8)/(12/l) is divided by u?
10
Let p(v) = -v**2 - 2*v + 3. Let t be p(-3). Suppose t*o = -4*o + 200. Let j = 2443 - 2421. Calculate the remainder when o is divided by j.
6
Suppose 2*v = 5*v + 3*i - 12, i = 4*v - 36. Suppose -2*r - 20*m + 18*m = -118, 3*m = 4*r - 201. What is the remainder when r is divided by v?
6
Suppose -108 = 4*s + f, -2*f + f = -s - 27. Let a(b) = -b**3 - 26*b**2 + 28*b + 46. Calculate the remainder when 30 is divided by a(s).
11
Let k be (-6 - -99)*1/3. Suppose 15 = -4*l + k. Suppose -l*n + 2*a = -9*n + 103, -a = -4. Calculate the remainder when 71 is divided by n.
14
Let m = 14898 - 14799. Calculate the remainder when 2192 is divided by m.
14
Calculate the remainder when 199 is divided by (280/(-32) - -11)/((-15)/(-140)).
10
Let o(v) = 3*v**3 + 46*v**2 - 197*v + 27. What is the remainder when o(-15) is divided by 107?
104
Let h be (56/16 + -3)*250. Suppose 220 + h = 23*r. Calculate the remainder when 134 is divided by r.
14
Let t(y) = y**3 - 9*y**2 - 10*y + 4. Suppose 5*p - 82 = 103. Let i = p - 35. Calculate the remainder when t(10) is divided by i.
0
Let o be (21 - 1183/65) + (-2)/(-10)*1. Let y(d) = -1. Let n(w) = -w**2 + 10*w. Let g(s) = n(s) + 5*y(s). What is the remainder when g(o) is divided by 10?
6
Suppose -72 = -2*d + 326. Let t(a) = 4*a**2 + 3*a + 4. Let f be t(-1). Suppose -z = -55 + f. Calculate the remainder when d is divided by z.
49
What is the remainder when (-23016)/(-504) - 8/(-6)*5/(-4) is divided by (-12)/(-7)*(-2 - -16)?
20
Let k(x) = -x**2 - 34*x - 69. Suppose -22*t + 19*t + 2*s = 33, 5*s = 2*t + 22. What is the remainder when k(t) is divided by 49?
37
Let g(f) = f**2 - 27*f - 380. Calculate the remainder when g(-15) is divided by 116.
18
Suppose -7*t - 5904 + 1550 = 0. Let a = 673 + t. What is the remainder when a is divided by 13?
12
Suppose 100*s = -557*s - 11*s + 8016. What is the remainder when s is divided by 5/1 + 0 + 2?
5
Let n = -3544 + 3579. Let d be 24/9*(-1557)/(-6). Suppose 9*k - 13*k + d = 0. Calculate the remainder when k is divided by n.
33
Let j = -28 + 143. Calc